{"id":11,"date":"2024-12-12T14:31:18","date_gmt":"2024-12-12T13:31:18","guid":{"rendered":"https:\/\/oswald.sansu.ch\/?page_id=11"},"modified":"2025-02-25T15:18:12","modified_gmt":"2025-02-25T14:18:12","slug":"home","status":"publish","type":"page","link":"https:\/\/oswald.sansu.ch\/","title":{"rendered":"Home"},"content":{"rendered":"\t\t<div data-elementor-type=\"wp-page\" data-elementor-id=\"11\" class=\"elementor elementor-11\">\n\t\t\t\t<div class=\"elementor-element elementor-element-c590f80 e-flex e-con-boxed e-con e-parent\" data-id=\"c590f80\" data-element_type=\"container\">\n\t\t\t\t\t<div class=\"e-con-inner\">\n\t\t<div class=\"elementor-element elementor-element-db97ded e-con-full e-flex e-con e-child\" data-id=\"db97ded\" data-element_type=\"container\" data-settings=\"{&quot;background_background&quot;:&quot;slideshow&quot;,&quot;background_slideshow_slide_duration&quot;:3000,&quot;background_slideshow_gallery&quot;:[{&quot;id&quot;:69,&quot;url&quot;:&quot;https:\\\/\\\/oswald.sansu.ch\\\/wp-content\\\/uploads\\\/2024\\\/12\\\/Christofoswald_05.jpg&quot;}],&quot;background_slideshow_loop&quot;:&quot;yes&quot;,&quot;background_slideshow_slide_transition&quot;:&quot;fade&quot;,&quot;background_slideshow_transition_duration&quot;:500}\">\n\t\t\t\t<div class=\"elementor-element elementor-element-12fdd87 elementor-widget elementor-widget-spacer\" data-id=\"12fdd87\" data-element_type=\"widget\" data-widget_type=\"spacer.default\">\n\t\t\t\t<div class=\"elementor-widget-container\">\n\t\t\t\t\t<div class=\"elementor-spacer\">\n\t\t\t<div class=\"elementor-spacer-inner\"><\/div>\n\t\t<\/div>\n\t\t\t\t<\/div>\n\t\t\t\t<\/div>\n\t\t\t\t<\/div>\n\t\t<div class=\"elementor-element elementor-element-f92cabd e-con-full e-flex e-con e-child\" data-id=\"f92cabd\" data-element_type=\"container\">\n\t\t\t\t<div class=\"elementor-element elementor-element-b1dabff elementor-widget elementor-widget-text-editor\" data-id=\"b1dabff\" data-element_type=\"widget\" data-widget_type=\"text-editor.default\">\n\t\t\t\t<div class=\"elementor-widget-container\">\n\t\t\t\t\t\t\t<p>Im Anschluss an meine Schauspielausbildung an der Schauspiel Akademie Z\u00fcrich, begann ich als Ensemblemitglied am Theater Solothurn, wo ich mich in vielen Rollen ausprobieren konnte. Es folgten Engagements u.a. am Alten Schauspielhaus Stuttgart, Theater Ariane, Spock Productions und eigenen Produktionen.<\/p><p>Eine pr\u00e4gende Erfahrung war die Arbeit als Schauspielcoach f\u00fcr die jungen Darsteller*innen der Verfilmung des Kinderbuchklassikers \u201eMein Name ist Eugen\u201c unter der Regie von Michael Steiner. Diese Aufgabe weckte mein Interesse f\u00fcr die Arbeit mit jungen Menschen, und gab meinem beruflichen Werdegang eine neue Richtung. Seit 2007 arbeite ich f\u00fcr <a href=\"https:\/\/filmkids.ch\/\" target=\"_blank\" rel=\"noopener\">filmkids.ch<\/a> und die <a href=\"https:\/\/swissfilmschool.com\/\" target=\"_blank\" rel=\"noopener\">Swiss Film School SFS<\/a> als Schauspielcoach. Es ist mir ein Anliegen junge Menschen in ihrer Ausdrucksf\u00e4higkeit und in ihrer Pr\u00e4senz zu f\u00f6rdern, damit sie ihr pers\u00f6nliches Potential entfalten und entwickeln k\u00f6nnen.<\/p><p>Neben meiner Arbeit als Coach f\u00fchre ich Regie bei Theaterproduktionen von Amateurgruppen und unterst\u00fctze so die Ensembles in ihrer Kreativit\u00e4t und Spielfreude. Als Regisseur kann ich meine F\u00e4higkeit auch im gestalterischen Bereich einsetzen und vermitteln.<\/p><p>Aktuell begleite ich die Kinder f\u00fcr die Kinoproduktionen \u201eMein Freund Barry\u201c und \u201eHallo Betty\u201c.<\/p>\t\t\t\t\t\t<\/div>\n\t\t\t\t<\/div>\n\t\t\t\t<\/div>\n\t\t\t\t\t<\/div>\n\t\t\t\t<\/div>\n\t\t<div class=\"elementor-element elementor-element-5c9833b e-flex e-con-boxed e-con e-parent\" data-id=\"5c9833b\" data-element_type=\"container\">\n\t\t\t\t\t<div class=\"e-con-inner\">\n\t\t\t\t<div class=\"elementor-element elementor-element-c5f43a1 elementor-widget elementor-widget-spacer\" data-id=\"c5f43a1\" data-element_type=\"widget\" data-widget_type=\"spacer.default\">\n\t\t\t\t<div class=\"elementor-widget-container\">\n\t\t\t\t\t<div class=\"elementor-spacer\">\n\t\t\t<div class=\"elementor-spacer-inner\"><\/div>\n\t\t<\/div>\n\t\t\t\t<\/div>\n\t\t\t\t<\/div>\n\t\t\t\t\t<\/div>\n\t\t\t\t<\/div>\n\t\t\t\t<\/div>\n\t\t","protected":false},"excerpt":{"rendered":"<p>Im Anschluss an meine Schauspielausbildung an der Schauspiel Akademie Z\u00fcrich, begann ich als Ensemblemitglied am Theater Solothurn, wo ich mich [&hellip;]<\/p>\n","protected":false},"author":1,"featured_media":0,"parent":0,"menu_order":0,"comment_status":"closed","ping_status":"closed","template":"","meta":{"site-sidebar-layout":"no-sidebar","site-content-layout":"","ast-site-content-layout":"full-width-container","site-content-style":"default","site-sidebar-style":"default","ast-global-header-display":"","ast-banner-title-visibility":"","ast-main-header-display":"","ast-hfb-above-header-display":"","ast-hfb-below-header-display":"","ast-hfb-mobile-header-display":"","site-post-title":"disabled","ast-breadcrumbs-content":"","ast-featured-img":"disabled","footer-sml-layout":"","theme-transparent-header-meta":"","adv-header-id-meta":"","stick-header-meta":"","header-above-stick-meta":"","header-main-stick-meta":"","header-below-stick-meta":"","astra-migrate-meta-layouts":"default","ast-page-background-enabled":"default","ast-page-background-meta":{"desktop":{"background-color":"var(--ast-global-color-4)","background-image":"","background-repeat":"repeat","background-position":"center center","background-size":"auto","background-attachment":"scroll","background-type":"","background-media":"","overlay-type":"","overlay-color":"","overlay-opacity":"","overlay-gradient":""},"tablet":{"background-color":"","background-image":"","background-repeat":"repeat","background-position":"center center","background-size":"auto","background-attachment":"scroll","background-type":"","background-media":"","overlay-type":"","overlay-color":"","overlay-opacity":"","overlay-gradient":""},"mobile":{"background-color":"","background-image":"","background-repeat":"repeat","background-position":"center center","background-size":"auto","background-attachment":"scroll","background-type":"","background-media":"","overlay-type":"","overlay-color":"","overlay-opacity":"","overlay-gradient":""}},"ast-content-background-meta":{"desktop":{"background-color":"var(--ast-global-color-5)","background-image":"","background-repeat":"repeat","background-position":"center center","background-size":"auto","background-attachment":"scroll","background-type":"","background-media":"","overlay-type":"","overlay-color":"","overlay-opacity":"","overlay-gradient":""},"tablet":{"background-color":"var(--ast-global-color-5)","background-image":"","background-repeat":"repeat","background-position":"center center","background-size":"auto","background-attachment":"scroll","background-type":"","background-media":"","overlay-type":"","overlay-color":"","overlay-opacity":"","overlay-gradient":""},"mobile":{"background-color":"var(--ast-global-color-5)","background-image":"","background-repeat":"repeat","background-position":"center center","background-size":"auto","background-attachment":"scroll","background-type":"","background-media":"","overlay-type":"","overlay-color":"","overlay-opacity":"","overlay-gradient":""}},"footnotes":""},"class_list":["post-11","page","type-page","status-publish","hentry"],"_links":{"self":[{"href":"https:\/\/oswald.sansu.ch\/index.php?rest_route=\/wp\/v2\/pages\/11","targetHints":{"allow":["GET"]}}],"collection":[{"href":"https:\/\/oswald.sansu.ch\/index.php?rest_route=\/wp\/v2\/pages"}],"about":[{"href":"https:\/\/oswald.sansu.ch\/index.php?rest_route=\/wp\/v2\/types\/page"}],"author":[{"embeddable":true,"href":"https:\/\/oswald.sansu.ch\/index.php?rest_route=\/wp\/v2\/users\/1"}],"replies":[{"embeddable":true,"href":"https:\/\/oswald.sansu.ch\/index.php?rest_route=%2Fwp%2Fv2%2Fcomments&post=11"}],"version-history":[{"count":46,"href":"https:\/\/oswald.sansu.ch\/index.php?rest_route=\/wp\/v2\/pages\/11\/revisions"}],"predecessor-version":[{"id":421,"href":"https:\/\/oswald.sansu.ch\/index.php?rest_route=\/wp\/v2\/pages\/11\/revisions\/421"}],"wp:attachment":[{"href":"https:\/\/oswald.sansu.ch\/index.php?rest_route=%2Fwp%2Fv2%2Fmedia&parent=11"}],"curies":[{"name":"wp","href":"https:\/\/api.w.org\/{rel}","templated":true}]}}